late the greatest common divisor of 20 and 595742890.
10
Calculate the greatest common divisor of 2441302 and 149447.
1003
Calculate the highest common divisor of 1001986 and 25132.
122
Calculate the greatest common divisor of 32583925 and 188.
47
What is the greatest common factor of 338 and 604835790?
338
What is the highest common divisor of 32082880 and 856?
856
What is the highest common factor of 505792546 and 28?
14
Calculate the greatest common factor of 413340 and 5920.
20
Calculate the highest common factor of 4905 and 2237661.
981
Calculate the greatest common divisor of 2217536 and 12.
4
Calculate the greatest common divisor of 1105391793 and 922.
461
Calculate the greatest common divisor of 146514648 and 1246.
1246
Calculate the highest common factor of 494 and 1549564.
38
Calculate the greatest common factor of 6960 and 3402744.
696
What is the highest common factor of 4208468209 and 121?
121
Calculate the highest common factor of 658450 and 5050.
50
Calculate the highest common factor of 96961854 and 3168.
66
What is the greatest common divisor of 321610 and 18125?
145
What is the highest common divisor of 27805 and 10779630?
335
Calculate the greatest common divisor of 6693 and 134477987.
2231
Calculate the highest common divisor of 198504 and 6792.
24
What is the highest common divisor of 444659 and 138?
23
What is the greatest common divisor of 767 and 221663?
767
What is the greatest common factor of 113 and 1751161?
113
Calculate the greatest common factor of 383 and 5567671.
383
What is the greatest common factor of 34797809 and 1954?
977
Calculate the highest common divisor of 1397 and 668008.
11
What is the greatest common divisor of 39216036 and 30?
6
Calculate the greatest common factor of 36 and 49387128.
12
Calculate the greatest common factor of 14202 and 1103382.
54
What is the highest common factor of 229748 and 182020?
76
What is the greatest common divisor of 16 and 68518552?
8
Calculate the highest common factor of 133906 and 18308.
46
Calculate the highest common factor of 1406 and 106102384.
1406
What is the highest common divisor of 8673940 and 886?
886
Calculate the greatest common divisor of 87230876 and 34.
34
Calculate the highest common divisor of 16096 and 66678686.
1006
Calculate the greatest common factor of 1221768064 and 1408.
1408
What is the highest common divisor of 47399672 and 2312?
136
What is the highest common divisor of 969 and 29875011?
57
Calculate the greatest common factor of 2832928 and 128.
32
Calculate the greatest common factor of 20616 and 125888168.
6872
Calculate the greatest common divisor of 31945578 and 21350.
854
What is the greatest common divisor of 433556 and 123388?
1132
Calculate the highest common factor of 1161347 and 1214455.
781
Calculate the greatest common divisor of 9440 and 345563.
59
What is the greatest common divisor of 14480 and 63850?
10
Calculate the greatest common divisor of 1645 and 104272085.
235
Calculate the highest common factor of 46 and 10630163.
23
Calculate the greatest common divisor of 2 and 8437502.
2
Calculate the greatest common factor of 1019447 and 5629.
13
Calculate the greatest common divisor of 9333330 and 4110.
30
Calculate the highest common divisor of 1520528 and 10720.
16
What is the greatest common divisor of 42683838 and 67983?
1581
Calculate the highest common divisor of 500895352 and 11032.
1576
What is the greatest common factor of 30 and 203527770?
30
What is the greatest common factor of 351278816 and 644?
644
Calculate the highest common factor of 85657 and 75296.
13
What is the greatest common factor of 160 and 18408032?
32
What is the greatest common divisor of 57984 and 2976?
96
Calculate the greatest common divisor of 7930 and 9960626.
26
Calculate the highest common factor of 13188 and 1937292.
84
Calculate the greatest common factor of 816 and 700026.
102
What is the highest common factor of 204658 and 2440?
2
What is the highest common factor of 7154 and 341138?
98
Calculate the greatest common factor of 409 and 197518779.
409
What is the greatest common factor of 44 and 2308682508?
44
What is the greatest common divisor of 2820 and 128018130?
1410
Calculate the highest common factor of 4512 and 70976016.
2256
What is the highest common factor of 431895 and 5660?
5
What is the highest common factor of 924 and 177137884?
308
Calculate the highest common divisor of 10032 and 67772848.
3344
Calculate the highest common divisor of 54032 and 12716.
44
What is the highest common factor of 2403 and 4300334307?
2403
Calculate the highest common factor of 4029 and 8317989.
237
Calculate the greatest common divisor of 25 and 200861.
1
Calculate the highest common divisor of 20218729 and 17.
17
What is the highest common divisor of 9389305 and 1665?
185
What is the greatest common factor of 82192143 and 197?
197
Calculate the greatest common divisor of 4976 and 156918782.
622
Calculate the highest common divisor of 931000 and 7410.
190
Calculate the greatest common factor of 103277428 and 34640.
1732
Calculate the highest common divisor of 205 and 488105.
205
Calculate the highest common factor of 588984 and 15312.
264
What is the greatest common factor of 116858 and 147679?
119
Calculate the greatest common divisor of 1134853861 and 53.
53
What is the greatest common divisor of 986 and 12802717?
493
Calculate the highest common factor of 623998 and 4750.
38
What is the highest common factor of 656473394 and 2822?
2822
Calculate the highest common divisor of 392091464 and 3152.
1576
Calculate the greatest common factor of 88734 and 91160682.
3858
What is the highest common divisor of 35901201 and 9827?
317
What is the highest common factor of 79868824 and 36113?
3283
Calculate the highest common factor of 5396 and 1006012.
76
What is the highest common divisor of 210 and 300596730?
210
What is the highest common divisor of 16887 and 16367?
13
Calculate the highest common divisor of 128251 and 477271.
277
What is the highest common divisor of 1129423296 and 4392?
1464
What is the greatest common factor of 583 and 967120?
11
What is the highest common factor of 388514366 and 3263?
251
Calculate the highest common divisor of 4346019 and 48792.
321
Calculate the greatest common factor of 1000920 and 640110.
570
Calculate the highest common factor of 20834 and 61371282.
1894
What is the highest common divisor of 1576750 and 952?
238
Calculate the greatest common divisor of 36381383 and 31.
31
Calculate the highest common divisor of 216 and 4211832.
24
What is the highest common divisor of 1338417 and 131328?
513
Calculate the highest common factor of 145097 and 380833.
373
Calculate the greatest common divisor of 593664552 and 6804.
972
Calculate the highest common divisor of 2433324 and 204.
12
What is the highest common divisor of 345 and 261013890?
345
What is the highest common divisor of 44381331 and 27?
27
What is the highest common divisor of 675 and 123552675?
675
What is the greatest common divisor of 51293530 and 170?
10
Calculate the greatest common divisor of 107811792 and 288.
144
What is the highest common factor of 269953560 and 420?
60
Calculate the highest common factor of 2147614 and 5348.
14
Calculate the greatest common factor of 1069059 and 176563.
461
Calculate the greatest common divisor of 61568 and 171782.
26
Calculate the greatest common factor of 585569016 and 8.
8
Calculate the greatest common factor of 3007145 and 10865.
205
What is the greatest common divisor of 632 and 30021512?
8
Calculate the greatest common factor of 23822550 and 60.
30
What is the greatest common factor of 582 and 42749258?
194
What is the highest common factor of 2388728 and 104?
8
Calculate the greatest common factor of 259496328 and 14.
14
What is the greatest common divisor of 2220107 and 124807?
911
Calculate the highest common factor of 2215665 and 1325.
265
Calculate the highest common factor of 816690831 and 23.
23
Calculate the greatest common divisor of 2133 and 7396353.
27
Calculate the greatest common factor of 378 and 1432350.
54
Calculate the greatest common divisor of 6104 and 105840.
56
Calculate the highest common divisor of 55 and 117825.
5
What is the greatest common divisor of 49857940 and 110?
110
What is 